{"id":144,"date":"2022-02-15T16:00:00","date_gmt":"2022-02-15T15:00:00","guid":{"rendered":"https:\/\/www.ledomaineducerf.fr\/?page_id=144"},"modified":"2022-05-20T14:32:38","modified_gmt":"2022-05-20T12:32:38","slug":"bienvenue-chez-vous","status":"publish","type":"page","link":"https:\/\/www.ledomaineducerf.fr\/?page_id=144","title":{"rendered":"Bienvenue chez vous"},"content":{"rendered":"\n<p>Rose et Malik les propri\u00e9taires vous accueillent au Domaine du Cerf avec plaisir et convivialit\u00e9. R\u00e9servez vos prochaines vacances dans ce lieu marqu\u00e9 par l&rsquo;histoire d&rsquo;Amboise et de la r\u00e9gion Tourangelle.<\/p>\n\n\n\n<p>Construite en 1862 la propri\u00e9t\u00e9 appartenait \u00e0 un riche \u00e9leveur de chevaux qui d\u00e9tenait pr\u00e8s de la moiti\u00e9 des terres du village de Saint Ouen les bois (ancien nom de Saint Ouen les Vignes).<\/p>\n\n\n\n<p>L\u2019accueil et la bienveillance sont l&rsquo;essence m\u00eame de notre engagement au service de nos clients. Venez nous rencontrer et profiter d&rsquo;un moment de pl\u00e9nitude et de partage en famille ou entre amis. <\/p>\n\n\n\n<p>Venez vivre des exp\u00e9riences exceptionnelles, de bien-\u00eatre et de qui\u00e9tude en nature dans un environnement prot\u00e9g\u00e9, loin de tout et pourtant \u00e0 seulement 5mn d&rsquo;Amboise et de l&rsquo;autoroute.<\/p>\n\n\n\n<p class=\"has-vivid-cyan-blue-color has-text-color\"><strong> N&rsquo;attendez plus, r\u00e9servez vos prochaines vacances au Domaine du Cerf ! <\/strong> <\/p>\n","protected":false},"excerpt":{"rendered":"<p>Rose et Malik les propri\u00e9taires vous accueillent au Domaine du Cerf avec plaisir et convivialit\u00e9. R\u00e9servez vos prochaines vacances dans ce lieu marqu\u00e9 par l&rsquo;histoire d&rsquo;Amboise et de la r\u00e9gion Tourangelle. Construite en 1862 la propri\u00e9t\u00e9 appartenait \u00e0 un riche \u00e9leveur de chevaux qui d\u00e9tenait pr\u00e8s de la moiti\u00e9 des terres du village de Saint Ouen les bois (ancien nom de Saint Ouen les Vignes). L\u2019accueil et la bienveillance sont l&rsquo;essence m\u00eame de notre engagement au service de nos clients. Venez nous rencontrer et profiter d&rsquo;un moment de pl\u00e9nitude et de partage en famille ou entre amis. Venez vivre des&#8230; <\/p>\n","protected":false},"author":1,"featured_media":0,"parent":0,"menu_order":0,"comment_status":"closed","ping_status":"closed","template":"","meta":{"om_disable_all_campaigns":false,"_monsterinsights_skip_tracking":false,"_monsterinsights_sitenote_active":false,"_monsterinsights_sitenote_note":"","_monsterinsights_sitenote_category":0,"_uf_show_specific_survey":0,"_uf_disable_surveys":false,"footnotes":""},"class_list":["post-144","page","type-page","status-publish","hentry"],"aioseo_notices":[],"_links":{"self":[{"href":"https:\/\/www.ledomaineducerf.fr\/index.php?rest_route=\/wp\/v2\/pages\/144"}],"collection":[{"href":"https:\/\/www.ledomaineducerf.fr\/index.php?rest_route=\/wp\/v2\/pages"}],"about":[{"href":"https:\/\/www.ledomaineducerf.fr\/index.php?rest_route=\/wp\/v2\/types\/page"}],"author":[{"embeddable":true,"href":"https:\/\/www.ledomaineducerf.fr\/index.php?rest_route=\/wp\/v2\/users\/1"}],"replies":[{"embeddable":true,"href":"https:\/\/www.ledomaineducerf.fr\/index.php?rest_route=%2Fwp%2Fv2%2Fcomments&post=144"}],"version-history":[{"count":17,"href":"https:\/\/www.ledomaineducerf.fr\/index.php?rest_route=\/wp\/v2\/pages\/144\/revisions"}],"predecessor-version":[{"id":865,"href":"https:\/\/www.ledomaineducerf.fr\/index.php?rest_route=\/wp\/v2\/pages\/144\/revisions\/865"}],"wp:attachment":[{"href":"https:\/\/www.ledomaineducerf.fr\/index.php?rest_route=%2Fwp%2Fv2%2Fmedia&parent=144"}],"curies":[{"name":"wp","href":"https:\/\/api.w.org\/{rel}","templated":true}]}}